# Dump File
#
# Database is ported from MS Access
#--------------------------------------------------------
# Program Version 3.0.148

CREATE DATABASE IF NOT EXISTS `db`;
USE `db`;

#
# Table structure for table 'Jornal'
#

DROP TABLE IF EXISTS `Jornal`;

CREATE TABLE `Jornal` (
  `id` INTEGER NOT NULL AUTO_INCREMENT, 
  `Data` DATETIME, 
  `cod_prod` INTEGER DEFAULT 0, 
  `movimento` DOUBLE NULL DEFAULT 0, 
  INDEX (`id`), 
  PRIMARY KEY (`id`)
) ENGINE=myisam DEFAULT CHARSET=utf8;

SET autocommit=1;

#
# Dumping data for table 'Jornal'
#

# 0 records

#
# Table structure for table 'Marcas'
#

DROP TABLE IF EXISTS `Marcas`;

CREATE TABLE `Marcas` (
  `ID` INTEGER NOT NULL AUTO_INCREMENT, 
  `Cod_origem` INTEGER DEFAULT 0, 
  `Marca` VARCHAR(255), 
  `Logo` VARCHAR(255), 
  PRIMARY KEY (`ID`)
) ENGINE=myisam DEFAULT CHARSET=utf8;

SET autocommit=1;

#
# Dumping data for table 'Marcas'
#

INSERT INTO `Marcas` (`ID`, `Cod_origem`, `Marca`, `Logo`) VALUES (1, 1, 'Vion Frankfurt', 'C:\\brasbife\\stocks\\Logos\\vion.bmp');
INSERT INTO `Marcas` (`ID`, `Cod_origem`, `Marca`, `Logo`) VALUES (2, 1, 'Vion Bad Bramstedt', 'C:\\brasbife\\stocks\\Logos\\vion.bmp');
INSERT INTO `Marcas` (`ID`, `Cod_origem`, `Marca`, `Logo`) VALUES (3, 2, 'Skare', 'C:\\brasbife\\stocks\\Logos\\skare.bmp');
INSERT INTO `Marcas` (`ID`, `Cod_origem`, `Marca`, `Logo`) VALUES (4, 2, 'JN Meat', 'C:\\brasbife\\stocks\\Logos\\jnmeat.bmp');
INSERT INTO `Marcas` (`ID`, `Cod_origem`, `Marca`, `Logo`) VALUES (5, 3, 'Perdigão', 'C:\\brasbife\\stocks\\Logos\\perdigão.bmp');
INSERT INTO `Marcas` (`ID`, `Cod_origem`, `Marca`, `Logo`) VALUES (6, 3, 'Sadia', 'C:\\brasbife\\stocks\\Logos\\sadia.bmp');
INSERT INTO `Marcas` (`ID`, `Cod_origem`, `Marca`, `Logo`) VALUES (7, 3, 'Minerva', 'C:\\brasbife\\stocks\\Logos\\minerva.bmp');
INSERT INTO `Marcas` (`ID`, `Cod_origem`, `Marca`, `Logo`) VALUES (8, 3, 'Friboi', 'C:\\brasbife\\stocks\\Logos\\friboi.bmp');
INSERT INTO `Marcas` (`ID`, `Cod_origem`, `Marca`, `Logo`) VALUES (9, 4, 'Kreglewscy', 'C:\\brasbife\\stocks\\Logos\\kreglewscy.png');
INSERT INTO `Marcas` (`ID`, `Cod_origem`, `Marca`, `Logo`) VALUES (10, 4, 'Biernacki', 'C:\\brasbife\\stocks\\Logos\\biernacki.bmp');
INSERT INTO `Marcas` (`ID`, `Cod_origem`, `Marca`, `Logo`) VALUES (11, 5, 'Sada', 'C:\\brasbife\\stocks\\Logos\\sada.bmp');
INSERT INTO `Marcas` (`ID`, `Cod_origem`, `Marca`, `Logo`) VALUES (12, 6, 'Salpicarnes', 'C:\\brasbife\\stocks\\Logos\\salpicarne.bmp');
INSERT INTO `Marcas` (`ID`, `Cod_origem`, `Marca`, `Logo`) VALUES (13, 6, 'Vila Verdense', 'C:\\brasbife\\stocks\\Logos\\vilaverdense.bmp');
INSERT INTO `Marcas` (`ID`, `Cod_origem`, `Marca`, `Logo`) VALUES (14, 6, 'Avibom', 'C:\\brasbife\\stocks\\Logos\\avibom.bmp');
INSERT INTO `Marcas` (`ID`, `Cod_origem`, `Marca`, `Logo`) VALUES (15, 6, 'Crizaves', 'C:\\brasbife\\stocks\\Logos\\crizaves.bmp');
INSERT INTO `Marcas` (`ID`, `Cod_origem`, `Marca`, `Logo`) VALUES (16, 7, 'Goedegebuur', 'C:\\brasbife\\stocks\\Logos\\goedegebuur.bmp');
INSERT INTO `Marcas` (`ID`, `Cod_origem`, `Marca`, `Logo`) VALUES (17, 7, 'Vion Tilburg', 'C:\\brasbife\\stocks\\Logos\\vion.bmp');
INSERT INTO `Marcas` (`ID`, `Cod_origem`, `Marca`, `Logo`) VALUES (18, 7, 'Vion Boxtel', 'C:\\brasbife\\stocks\\Logos\\vion.bmp');
INSERT INTO `Marcas` (`ID`, `Cod_origem`, `Marca`, `Logo`) VALUES (19, 7, 'Vion Apeldoorn', 'C:\\brasbife\\stocks\\Logos\\vion.bmp');
INSERT INTO `Marcas` (`ID`, `Cod_origem`, `Marca`, `Logo`) VALUES (20, 7, 'Vion Groenlo', 'C:\\brasbife\\stocks\\Logos\\vion.bmp');
INSERT INTO `Marcas` (`ID`, `Cod_origem`, `Marca`, `Logo`) VALUES (21, 7, 'Vion Enschede', 'C:\\brasbife\\stocks\\Logos\\vion.bmp');
INSERT INTO `Marcas` (`ID`, `Cod_origem`, `Marca`, `Logo`) VALUES (22, 7, 'Vion Scherpenzeel', 'C:\\brasbife\\stocks\\Logos\\vion.bmp');
INSERT INTO `Marcas` (`ID`, `Cod_origem`, `Marca`, `Logo`) VALUES (23, 1, 'Vion Moksel', 'C:\\brasbife\\stocks\\Logos\\vion.bmp');
INSERT INTO `Marcas` (`ID`, `Cod_origem`, `Marca`, `Logo`) VALUES (24, 1, 'Vion Crailsheim', 'C:\\brasbife\\stocks\\Logos\\vion.bmp');
INSERT INTO `Marcas` (`ID`, `Cod_origem`, `Marca`, `Logo`) VALUES (25, 1, 'Vion Emstek', 'C:\\brasbife\\stocks\\Logos\\vion.bmp');
INSERT INTO `Marcas` (`ID`, `Cod_origem`, `Marca`, `Logo`) VALUES (26, 1, 'Vion Hilden', 'C:\\brasbife\\stocks\\Logos\\vion.bmp');
INSERT INTO `Marcas` (`ID`, `Cod_origem`, `Marca`, `Logo`) VALUES (27, 1, 'Vion Holdorf', 'C:\\brasbife\\stocks\\Logos\\vion.bmp');
INSERT INTO `Marcas` (`ID`, `Cod_origem`, `Marca`, `Logo`) VALUES (28, 1, 'Vion Perleberg', 'C:\\brasbife\\stocks\\Logos\\vion.bmp');
INSERT INTO `Marcas` (`ID`, `Cod_origem`, `Marca`, `Logo`) VALUES (29, 1, 'Vion Zeven', 'C:\\brasbife\\stocks\\Logos\\vion.bmp');
INSERT INTO `Marcas` (`ID`, `Cod_origem`, `Marca`, `Logo`) VALUES (30, 3, 'Super Frango', 'C:\\brasbife\\stocks\\Logos\\Superfrango.png');
INSERT INTO `Marcas` (`ID`, `Cod_origem`, `Marca`, `Logo`) VALUES (31, 5, 'JAC. S.A.', 'C:\\brasbife\\stocks\\Logos\\Jacsa.gif');
INSERT INTO `Marcas` (`ID`, `Cod_origem`, `Marca`, `Logo`) VALUES (33, 7, 'EKRO', 'C:\\brasbife\\stocks\\Logos\\ekro.png');
INSERT INTO `Marcas` (`ID`, `Cod_origem`, `Marca`, `Logo`) VALUES (34, 7, 'Ogeslag Olst   (H.O.)', 'C:\\brasbife\\stocks\\Logos\\hogeslagolst.gif');
INSERT INTO `Marcas` (`ID`, `Cod_origem`, `Marca`, `Logo`) VALUES (35, 5, 'Friusa', 'C:\\brasbife\\stocks\\Logos\\Friusa.jpg');
INSERT INTO `Marcas` (`ID`, `Cod_origem`, `Marca`, `Logo`) VALUES (36, 5, 'Avicola Iscar', 'C:\\brasbife\\stocks\\Logos\\iscar.jpg');
INSERT INTO `Marcas` (`ID`, `Cod_origem`, `Marca`, `Logo`) VALUES (37, 5, 'Guissona', 'C:\\brasbife\\stocks\\Logos\\Guissona.bmp');
INSERT INTO `Marcas` (`ID`, `Cod_origem`, `Marca`, `Logo`) VALUES (38, 5, 'Avicola Arranz', 'C:\\brasbife\\stocks\\Logos\\Arranz.png');
INSERT INTO `Marcas` (`ID`, `Cod_origem`, `Marca`, `Logo`) VALUES (39, 4, 'ABP', 'C:\\brasbife\\stocks\\Logos\\Abp.bmp');
INSERT INTO `Marcas` (`ID`, `Cod_origem`, `Marca`, `Logo`) VALUES (40, 7, 'AJC', 'C:\\brasbife\\stocks\\Logos\\ajc.bmp');
INSERT INTO `Marcas` (`ID`, `Cod_origem`, `Marca`, `Logo`) VALUES (41, 7, 'Borghans', 'C:\\brasbife\\stocks\\Logos\\Borghans.bmp');
INSERT INTO `Marcas` (`ID`, `Cod_origem`, `Marca`, `Logo`) VALUES (42, 3, 'Copacol', 'C:\\brasbife\\stocks\\Logos\\copacol.bmp');
INSERT INTO `Marcas` (`ID`, `Cod_origem`, `Marca`, `Logo`) VALUES (43, 4, 'Eurobeef', 'C:\\brasbife\\stocks\\Logos\\Eurobeef.jpg');
INSERT INTO `Marcas` (`ID`, `Cod_origem`, `Marca`, `Logo`) VALUES (44, 8, 'Gorina', 'C:\\brasbife\\stocks\\Logos\\Gorina.jpg');
INSERT INTO `Marcas` (`ID`, `Cod_origem`, `Marca`, `Logo`) VALUES (45, 7, 'Hogeslag Olst', 'C:\\brasbife\\stocks\\Logos\\Hogeslagolst.gif');
INSERT INTO `Marcas` (`ID`, `Cod_origem`, `Marca`, `Logo`) VALUES (46, 9, 'Las Moras', 'C:\\brasbife\\stocks\\Logos\\Lasmoras.bmp');
INSERT INTO `Marcas` (`ID`, `Cod_origem`, `Marca`, `Logo`) VALUES (47, 6, 'Marinhave', 'C:\\brasbife\\stocks\\Logos\\Marinhave.jpg');
INSERT INTO `Marcas` (`ID`, `Cod_origem`, `Marca`, `Logo`) VALUES (48, 9, 'Nirea', 'C:\\brasbife\\stocks\\Logos\\Nirea.bmp');
INSERT INTO `Marcas` (`ID`, `Cod_origem`, `Marca`, `Logo`) VALUES (49, 6, 'Oviger', 'C:\\brasbife\\stocks\\Logos\\Oviger.bmp');
INSERT INTO `Marcas` (`ID`, `Cod_origem`, `Marca`, `Logo`) VALUES (50, 9, 'Sarubbi', 'C:\\brasbife\\stocks\\Logos\\Sarubbi.bmp');
INSERT INTO `Marcas` (`ID`, `Cod_origem`, `Marca`, `Logo`) VALUES (51, 9, 'Tacuarembó', 'C:\\brasbife\\stocks\\Logos\\Tacuarembo.png');
INSERT INTO `Marcas` (`ID`, `Cod_origem`, `Marca`, `Logo`) VALUES (52, 10, 'Taylor Preston', 'C:\\brasbife\\stocks\\Logos\\Taylor.bmp');
INSERT INTO `Marcas` (`ID`, `Cod_origem`, `Marca`, `Logo`) VALUES (53, 7, 'Vitelco', 'C:\\brasbife\\stocks\\Logos\\Vitelco.png');
INSERT INTO `Marcas` (`ID`, `Cod_origem`, `Marca`, `Logo`) VALUES (54, 11, 'Keranna', 'C:\\brasbife\\stocks\\Logos\\Keranna.gif');
INSERT INTO `Marcas` (`ID`, `Cod_origem`, `Marca`, `Logo`) VALUES (55, 6, 'Sorraia', 'C:\\brasbife\\stocks\\Logos\\');
INSERT INTO `Marcas` (`ID`, `Cod_origem`, `Marca`, `Logo`) VALUES (56, 11, 'Loeul Et Piriot', 'C:\\brasbife\\stocks\\Logos\\Loeul.png');
INSERT INTO `Marcas` (`ID`, `Cod_origem`, `Marca`, `Logo`) VALUES (57, 17, 'Patagonia S.A.', 'C:\\brasbife\\stocks\\Logos\\Patagonia.gif');
# 56 records

#
# Table structure for table 'Origens'
#

DROP TABLE IF EXISTS `Origens`;

CREATE TABLE `Origens` (
  `ID` INTEGER NOT NULL AUTO_INCREMENT, 
  `Origens` VARCHAR(255), 
  `Campo1` VARCHAR(255), 
  PRIMARY KEY (`ID`)
) ENGINE=myisam DEFAULT CHARSET=utf8;

SET autocommit=1;

#
# Dumping data for table 'Origens'
#

INSERT INTO `Origens` (`ID`, `Origens`, `Campo1`) VALUES (1, 'Alemanha', NULL);
INSERT INTO `Origens` (`ID`, `Origens`, `Campo1`) VALUES (2, 'Dinamarca', NULL);
INSERT INTO `Origens` (`ID`, `Origens`, `Campo1`) VALUES (3, 'Brasil', NULL);
INSERT INTO `Origens` (`ID`, `Origens`, `Campo1`) VALUES (4, 'Polónia', NULL);
INSERT INTO `Origens` (`ID`, `Origens`, `Campo1`) VALUES (5, 'Espanha', NULL);
INSERT INTO `Origens` (`ID`, `Origens`, `Campo1`) VALUES (6, 'Portugal', NULL);
INSERT INTO `Origens` (`ID`, `Origens`, `Campo1`) VALUES (7, 'Holanda', NULL);
INSERT INTO `Origens` (`ID`, `Origens`, `Campo1`) VALUES (8, 'Argentina', NULL);
INSERT INTO `Origens` (`ID`, `Origens`, `Campo1`) VALUES (9, 'Uruguai', NULL);
INSERT INTO `Origens` (`ID`, `Origens`, `Campo1`) VALUES (10, 'Nova Zelândia', NULL);
INSERT INTO `Origens` (`ID`, `Origens`, `Campo1`) VALUES (11, 'França', NULL);
INSERT INTO `Origens` (`ID`, `Origens`, `Campo1`) VALUES (12, 'Reino Unido', NULL);
INSERT INTO `Origens` (`ID`, `Origens`, `Campo1`) VALUES (13, 'Itália', NULL);
INSERT INTO `Origens` (`ID`, `Origens`, `Campo1`) VALUES (14, 'Bélgica', NULL);
INSERT INTO `Origens` (`ID`, `Origens`, `Campo1`) VALUES (15, 'Irlanda', NULL);
INSERT INTO `Origens` (`ID`, `Origens`, `Campo1`) VALUES (16, 'Botswana', NULL);
INSERT INTO `Origens` (`ID`, `Origens`, `Campo1`) VALUES (17, 'Chile', NULL);
INSERT INTO `Origens` (`ID`, `Origens`, `Campo1`) VALUES (18, 'Estados Unidos', NULL);
# 18 records

#
# Table structure for table 'Stocks'
#

DROP TABLE IF EXISTS `Stocks`;

CREATE TABLE `Stocks` (
  `ID` INTEGER NOT NULL AUTO_INCREMENT, 
  `Animal` VARCHAR(255), 
  `cod_marca` INTEGER DEFAULT 0, 
  `Pec` VARCHAR(255), 
  `Descritivo` VARCHAR(255), 
  `Stock` INTEGER DEFAULT 0, 
  `Stock_Kg` FLOAT NULL DEFAULT 0, 
  PRIMARY KEY (`ID`)
) ENGINE=myisam DEFAULT CHARSET=utf8;

SET autocommit=1;

#
# Dumping data for table 'Stocks'
#

INSERT INTO `Stocks` (`ID`, `Animal`, `cod_marca`, `Pec`, `Descritivo`, `Stock`, `Stock_Kg`) VALUES (1, 'Bovino', 3, 'Picanha', 'Picanha 145', 0, 0);
INSERT INTO `Stocks` (`ID`, `Animal`, `cod_marca`, `Pec`, `Descritivo`, `Stock`, `Stock_Kg`) VALUES (2, 'Bovino', 3, 'Picanha', 'Picanha Super 144', 0, 0);
INSERT INTO `Stocks` (`ID`, `Animal`, `cod_marca`, `Pec`, `Descritivo`, `Stock`, `Stock_Kg`) VALUES (3, 'Bovino', 3, 'Maminha', 'Maminha', 0, 0);
INSERT INTO `Stocks` (`ID`, `Animal`, `cod_marca`, `Pec`, `Descritivo`, `Stock`, `Stock_Kg`) VALUES (4, 'Bovino', 3, 'Acém', 'Acém', 0, 0);
INSERT INTO `Stocks` (`ID`, `Animal`, `cod_marca`, `Pec`, `Descritivo`, `Stock`, `Stock_Kg`) VALUES (5, 'Bovino', 3, 'Osso Buco', 'Osso Buco', 0, 0);
INSERT INTO `Stocks` (`ID`, `Animal`, `cod_marca`, `Pec`, `Descritivo`, `Stock`, `Stock_Kg`) VALUES (6, 'Bovino', 3, 'Costela', 'Costela', 0, 0);
INSERT INTO `Stocks` (`ID`, `Animal`, `cod_marca`, `Pec`, `Descritivo`, `Stock`, `Stock_Kg`) VALUES (7, 'Bovino', 3, 'Redondo', 'Redondo', 0, 0);
INSERT INTO `Stocks` (`ID`, `Animal`, `cod_marca`, `Pec`, `Descritivo`, `Stock`, `Stock_Kg`) VALUES (8, 'Bovino', 4, 'Picanha', 'Picanha', 0, 0);
INSERT INTO `Stocks` (`ID`, `Animal`, `cod_marca`, `Pec`, `Descritivo`, `Stock`, `Stock_Kg`) VALUES (9, 'Bovino', 4, 'Picanha', 'Picanha 3+', 0, 0);
INSERT INTO `Stocks` (`ID`, `Animal`, `cod_marca`, `Pec`, `Descritivo`, `Stock`, `Stock_Kg`) VALUES (10, 'Aves', 5, 'Miudos', 'Moelas 16x1 Kg', 0, 0);
INSERT INTO `Stocks` (`ID`, `Animal`, `cod_marca`, `Pec`, `Descritivo`, `Stock`, `Stock_Kg`) VALUES (11, 'Aves', 5, 'Peito', 'Peito de Frango', 0, 0);
INSERT INTO `Stocks` (`ID`, `Animal`, `cod_marca`, `Pec`, `Descritivo`, `Stock`, `Stock_Kg`) VALUES (12, 'Processados', 5, 'Nuggets', 'Nuggets de Frango', 0, 0);
INSERT INTO `Stocks` (`ID`, `Animal`, `cod_marca`, `Pec`, `Descritivo`, `Stock`, `Stock_Kg`) VALUES (13, 'Aves', 6, 'Miudos', 'Moelas 12x1 Kg', 0, 0);
INSERT INTO `Stocks` (`ID`, `Animal`, `cod_marca`, `Pec`, `Descritivo`, `Stock`, `Stock_Kg`) VALUES (14, 'Bovino', 7, 'Picanha', 'Picanha', 0, 0);
INSERT INTO `Stocks` (`ID`, `Animal`, `cod_marca`, `Pec`, `Descritivo`, `Stock`, `Stock_Kg`) VALUES (15, 'Bovino', 7, 'Cupim', 'Cupim', 0, 0);
INSERT INTO `Stocks` (`ID`, `Animal`, `cod_marca`, `Pec`, `Descritivo`, `Stock`, `Stock_Kg`) VALUES (17, 'Bovino', 8, 'Picanha', 'Picanha', 0, 0);
INSERT INTO `Stocks` (`ID`, `Animal`, `cod_marca`, `Pec`, `Descritivo`, `Stock`, `Stock_Kg`) VALUES (18, 'Bovino', 8, 'Cupim', 'Cupim', 0, 0);
INSERT INTO `Stocks` (`ID`, `Animal`, `cod_marca`, `Pec`, `Descritivo`, `Stock`, `Stock_Kg`) VALUES (19, 'Bovino', 9, 'Vazia', 'Vazia Bovina 7+', 0, 0);
INSERT INTO `Stocks` (`ID`, `Animal`, `cod_marca`, `Pec`, `Descritivo`, `Stock`, `Stock_Kg`) VALUES (20, 'Bovino', 9, 'Maminha', 'Maminha', 0, 0);
INSERT INTO `Stocks` (`ID`, `Animal`, `cod_marca`, `Pec`, `Descritivo`, `Stock`, `Stock_Kg`) VALUES (21, 'Bovino', 10, 'Vazia', 'Vazia Bovina 5/6', 0, 0);
INSERT INTO `Stocks` (`ID`, `Animal`, `cod_marca`, `Pec`, `Descritivo`, `Stock`, `Stock_Kg`) VALUES (22, 'Aves', 11, 'Coxas', 'Coxas de Frango Amarelas', 0, 0);
INSERT INTO `Stocks` (`ID`, `Animal`, `cod_marca`, `Pec`, `Descritivo`, `Stock`, `Stock_Kg`) VALUES (23, 'Processados', 12, 'Bacon', 'Bacon Fumado', 0, 0);
INSERT INTO `Stocks` (`ID`, `Animal`, `cod_marca`, `Pec`, `Descritivo`, `Stock`, `Stock_Kg`) VALUES (24, 'Processados', 12, 'Pá', 'Pá Fumada', 0, 0);
INSERT INTO `Stocks` (`ID`, `Animal`, `cod_marca`, `Pec`, `Descritivo`, `Stock`, `Stock_Kg`) VALUES (25, 'Processados', 13, 'Salsichas', 'Salsicha Criolo 60g', 0, 0);
INSERT INTO `Stocks` (`ID`, `Animal`, `cod_marca`, `Pec`, `Descritivo`, `Stock`, `Stock_Kg`) VALUES (26, 'Processados', 13, 'Salsichas', 'Salsicha Criolo 80g', 0, 0);
INSERT INTO `Stocks` (`ID`, `Animal`, `cod_marca`, `Pec`, `Descritivo`, `Stock`, `Stock_Kg`) VALUES (27, 'Processados', 13, 'Salsichas', 'Salsicha Criolo 100g', 0, 0);
INSERT INTO `Stocks` (`ID`, `Animal`, `cod_marca`, `Pec`, `Descritivo`, `Stock`, `Stock_Kg`) VALUES (28, 'Processados', 14, 'Salsichas', 'Salsicha Popular curta', 0, 0);
INSERT INTO `Stocks` (`ID`, `Animal`, `cod_marca`, `Pec`, `Descritivo`, `Stock`, `Stock_Kg`) VALUES (29, 'Aves', 15, 'Miudos', 'Coração de Frango', 0, 0);
INSERT INTO `Stocks` (`ID`, `Animal`, `cod_marca`, `Pec`, `Descritivo`, `Stock`, `Stock_Kg`) VALUES (30, 'Bovino', 16, 'Picanha', 'Picanha A', 0, 0);
INSERT INTO `Stocks` (`ID`, `Animal`, `cod_marca`, `Pec`, `Descritivo`, `Stock`, `Stock_Kg`) VALUES (31, 'Bovino', 16, 'Picanha', 'Picanha AA', 0, 0);
INSERT INTO `Stocks` (`ID`, `Animal`, `cod_marca`, `Pec`, `Descritivo`, `Stock`, `Stock_Kg`) VALUES (32, 'Bovino', 16, 'Maminha', 'Maminha A', 0, 0);
INSERT INTO `Stocks` (`ID`, `Animal`, `cod_marca`, `Pec`, `Descritivo`, `Stock`, `Stock_Kg`) VALUES (33, 'Bovino', 16, 'Maminha', 'Maminha AA', 0, 0);
INSERT INTO `Stocks` (`ID`, `Animal`, `cod_marca`, `Pec`, `Descritivo`, `Stock`, `Stock_Kg`) VALUES (34, 'Bovino', 10, 'Alcatra', 'Coração de Alcatra', 0, 0);
# 33 records

